{"id":846,"date":"2024-10-26T11:54:34","date_gmt":"2024-10-26T11:54:34","guid":{"rendered":"https:\/\/innercircle.no\/?page_id=846"},"modified":"2024-10-26T12:07:15","modified_gmt":"2024-10-26T12:07:15","slug":"aleksander-morkved-paulshus","status":"publish","type":"page","link":"https:\/\/innercircle.no\/?page_id=846","title":{"rendered":"Aleksander M\u00f8rkved Paulshus"},"content":{"rendered":"\t\t<div data-elementor-type=\"wp-page\" data-elementor-id=\"846\" class=\"elementor elementor-846\">\n\t\t\t\t\t\t<section class=\"elementor-section elementor-top-section elementor-element elementor-element-4921d82 elementor-section-boxed elementor-section-height-default elementor-section-height-default\" data-id=\"4921d82\" data-element_type=\"section\" data-e-type=\"section\">\n\t\t\t\t\t\t<div class=\"elementor-container elementor-column-gap-default\">\n\t\t\t\t\t<div class=\"elementor-column elementor-col-50 elementor-top-column elementor-element elementor-element-e0e048d\" data-id=\"e0e048d\" data-element_type=\"column\" data-e-type=\"column\">\n\t\t\t<div class=\"elementor-widget-wrap elementor-element-populated\">\n\t\t\t\t\t\t<div class=\"elementor-element elementor-element-7613a97 elementor-widget elementor-widget-text-editor\" data-id=\"7613a97\" data-element_type=\"widget\" data-e-type=\"widget\" data-widget_type=\"text-editor.default\">\n\t\t\t\t<div class=\"elementor-widget-container\">\n\t\t\t\t\t\t\t\t\t<div data-id=\"d7f24ba\" data-element_type=\"widget\" data-widget_type=\"image.default\"><img decoding=\"async\" src=\"http:\/\/innercircle.no\/wp-content\/uploads\/2024\/10\/Skjermbilde-2024-10-26-kl.-13.59.29.png\" alt=\"\" width=\"207\" height=\"113\" \/><\/div><div data-id=\"9e30403\" data-element_type=\"widget\" data-widget_type=\"theme-post-content.default\"><h2>Tenk Byr\u00e5<\/h2><p><span style=\"color: rgba(0, 0, 0, 0.6); font-family: -apple-system, system-ui, 'system-ui', 'Segoe UI', Roboto, 'Helvetica Neue', 'Fira Sans', Ubuntu, Oxygen, 'Oxygen Sans', Cantarell, 'Droid Sans', 'Apple Color Emoji', 'Segoe UI Emoji', 'Segoe UI Emoji', 'Segoe UI Symbol', 'Lucida Grande', Helvetica, Arial, sans-serif; font-size: 14.875px; white-space-collapse: preserve;\">Tenk er et reklamebyr\u00e5 med solid kompetanse innen strategi, design, innhold og spredning <\/span><\/p><p>Vi har lenge v\u00e6rt en sterk partner for virksomheter som har tro p\u00e5 et planmessig, offensivt og helhetlig arbeid med forretningsutvikling, drift, salg og kommunikasjon. Ta kontakt med oss hvis du lurer p\u00e5 hvodan det er \u00e5 v\u00e6re kunde i Tenk!<\/p><p>Kontakt:\u00a0<span style=\"font-weight: bolder;\"><a href=\"https:\/\/www.linkedin.com\/in\/aleksandermpaulshus\/\">Aleksander M\u00f8rkved Paulshus<\/a><\/span><br \/>Telefon:\u00a0996 21 662<br \/>E-post:\u00a0<a href=\"mailto:aleksander@tenkbyra.no\">aleksander@tenkbyra.no<\/a><br \/>WEB:\u00a0<span style=\"background-color: #ffffff;\"><a href=\"http:\/\/www.tenkbyra.no\">www.tenkbyra.no<\/a><\/span><\/p><\/div>\t\t\t\t\t\t\t\t<\/div>\n\t\t\t\t<\/div>\n\t\t\t\t\t<\/div>\n\t\t<\/div>\n\t\t\t\t<div class=\"elementor-column elementor-col-50 elementor-top-column elementor-element elementor-element-5ab764a\" data-id=\"5ab764a\" data-element_type=\"column\" data-e-type=\"column\">\n\t\t\t<div class=\"elementor-widget-wrap elementor-element-populated\">\n\t\t\t\t\t\t<div class=\"elementor-element elementor-element-e16bbce elementor-widget elementor-widget-image\" data-id=\"e16bbce\" data-element_type=\"widget\" data-e-type=\"widget\" data-widget_type=\"image.default\">\n\t\t\t\t<div class=\"elementor-widget-container\">\n\t\t\t\t\t\t\t\t\t\t\t\t\t\t\t<img fetchpriority=\"high\" decoding=\"async\" width=\"800\" height=\"800\" src=\"https:\/\/innercircle.no\/wp-content\/uploads\/2024\/10\/Aleksander_14.22.41-scaled-1-1024x1024.webp\" class=\"attachment-large size-large wp-image-853\" alt=\"\" srcset=\"https:\/\/innercircle.no\/wp-content\/uploads\/2024\/10\/Aleksander_14.22.41-scaled-1-1024x1024.webp 1024w, https:\/\/innercircle.no\/wp-content\/uploads\/2024\/10\/Aleksander_14.22.41-scaled-1-300x300.webp 300w, https:\/\/innercircle.no\/wp-content\/uploads\/2024\/10\/Aleksander_14.22.41-scaled-1-150x150.webp 150w, https:\/\/innercircle.no\/wp-content\/uploads\/2024\/10\/Aleksander_14.22.41-scaled-1-768x768.webp 768w, https:\/\/innercircle.no\/wp-content\/uploads\/2024\/10\/Aleksander_14.22.41-scaled-1-1536x1536.webp 1536w, https:\/\/innercircle.no\/wp-content\/uploads\/2024\/10\/Aleksander_14.22.41-scaled-1-2048x2048.webp 2048w\" sizes=\"(max-width: 800px) 100vw, 800px\" \/>\t\t\t\t\t\t\t\t\t\t\t\t\t\t\t<\/div>\n\t\t\t\t<\/div>\n\t\t\t\t\t<\/div>\n\t\t<\/div>\n\t\t\t\t\t<\/div>\n\t\t<\/section>\n\t\t\t\t<section class=\"elementor-section elementor-top-section elementor-element elementor-element-c942f77 elementor-section-boxed elementor-section-height-default elementor-section-height-default\" data-id=\"c942f77\" data-element_type=\"section\" data-e-type=\"section\">\n\t\t\t\t\t\t<div class=\"elementor-container elementor-column-gap-default\">\n\t\t\t\t\t<div class=\"elementor-column elementor-col-50 elementor-top-column elementor-element elementor-element-f7073d7\" data-id=\"f7073d7\" data-element_type=\"column\" data-e-type=\"column\">\n\t\t\t<div class=\"elementor-widget-wrap elementor-element-populated\">\n\t\t\t\t\t\t<div class=\"elementor-element elementor-element-b003347 elementor-widget elementor-widget-image\" data-id=\"b003347\" data-element_type=\"widget\" data-e-type=\"widget\" data-widget_type=\"image.default\">\n\t\t\t\t<div class=\"elementor-widget-container\">\n\t\t\t\t\t\t\t\t\t\t\t\t<figure class=\"wp-caption\">\n\t\t\t\t\t\t\t\t\t\t\t<a href=\"https:\/\/tenkbyra.no\/prosjekt\/facilitec\/\" target=\"_blank\">\n\t\t\t\t\t\t\t<img decoding=\"async\" width=\"800\" height=\"537\" src=\"https:\/\/innercircle.no\/wp-content\/uploads\/2024\/10\/Skjermbilde-2024-10-26-kl.-14.05.04.png\" class=\"attachment-large size-large wp-image-858\" alt=\"\" srcset=\"https:\/\/innercircle.no\/wp-content\/uploads\/2024\/10\/Skjermbilde-2024-10-26-kl.-14.05.04.png 919w, https:\/\/innercircle.no\/wp-content\/uploads\/2024\/10\/Skjermbilde-2024-10-26-kl.-14.05.04-300x201.png 300w, https:\/\/innercircle.no\/wp-content\/uploads\/2024\/10\/Skjermbilde-2024-10-26-kl.-14.05.04-768x516.png 768w\" sizes=\"(max-width: 800px) 100vw, 800px\" \/>\t\t\t\t\t\t\t\t<\/a>\n\t\t\t\t\t\t\t\t\t\t\t<figcaption class=\"widget-image-caption wp-caption-text\">FaciliTec AS<\/figcaption>\n\t\t\t\t\t\t\t\t\t\t<\/figure>\n\t\t\t\t\t\t\t\t\t<\/div>\n\t\t\t\t<\/div>\n\t\t\t\t\t<\/div>\n\t\t<\/div>\n\t\t\t\t<div class=\"elementor-column elementor-col-50 elementor-top-column elementor-element elementor-element-394237d\" data-id=\"394237d\" data-element_type=\"column\" data-e-type=\"column\">\n\t\t\t<div class=\"elementor-widget-wrap elementor-element-populated\">\n\t\t\t\t\t\t<div class=\"elementor-element elementor-element-d80c4f2 elementor-widget elementor-widget-image\" data-id=\"d80c4f2\" data-element_type=\"widget\" data-e-type=\"widget\" data-widget_type=\"image.default\">\n\t\t\t\t<div class=\"elementor-widget-container\">\n\t\t\t\t\t\t\t\t\t\t\t\t<figure class=\"wp-caption\">\n\t\t\t\t\t\t\t\t\t\t\t<a href=\"https:\/\/tenkbyra.no\/prosjekt\/vespaelettrica\/\" target=\"_blank\">\n\t\t\t\t\t\t\t<img loading=\"lazy\" decoding=\"async\" width=\"441\" height=\"411\" src=\"https:\/\/innercircle.no\/wp-content\/uploads\/2024\/10\/Skjermbilde-2024-10-26-kl.-14.04.42.png\" class=\"attachment-large size-large wp-image-859\" alt=\"\" srcset=\"https:\/\/innercircle.no\/wp-content\/uploads\/2024\/10\/Skjermbilde-2024-10-26-kl.-14.04.42.png 441w, https:\/\/innercircle.no\/wp-content\/uploads\/2024\/10\/Skjermbilde-2024-10-26-kl.-14.04.42-300x280.png 300w\" sizes=\"(max-width: 441px) 100vw, 441px\" \/>\t\t\t\t\t\t\t\t<\/a>\n\t\t\t\t\t\t\t\t\t\t\t<figcaption class=\"widget-image-caption wp-caption-text\">Vespa blir elektrisk<\/figcaption>\n\t\t\t\t\t\t\t\t\t\t<\/figure>\n\t\t\t\t\t\t\t\t\t<\/div>\n\t\t\t\t<\/div>\n\t\t\t\t\t<\/div>\n\t\t<\/div>\n\t\t\t\t\t<\/div>\n\t\t<\/section>\n\t\t\t\t<\/div>\n\t\t","protected":false},"excerpt":{"rendered":"<p>Tenk Byr\u00e5 Tenk er et reklamebyr\u00e5 med solid kompetanse innen strategi, design, innhold og spredning Vi har lenge v\u00e6rt en sterk partner for virksomheter som har tro p\u00e5 et planmessig, offensivt og helhetlig arbeid med forretningsutvikling, drift, salg og kommunikasjon. Ta kontakt med oss hvis du lurer p\u00e5 hvodan det er \u00e5 v\u00e6re kunde i [&hellip;]<\/p>\n","protected":false},"author":1,"featured_media":0,"parent":0,"menu_order":0,"comment_status":"closed","ping_status":"closed","template":"","meta":{"footnotes":""},"class_list":["post-846","page","type-page","status-publish","hentry"],"_links":{"self":[{"href":"https:\/\/innercircle.no\/index.php?rest_route=\/wp\/v2\/pages\/846","targetHints":{"allow":["GET"]}}],"collection":[{"href":"https:\/\/innercircle.no\/index.php?rest_route=\/wp\/v2\/pages"}],"about":[{"href":"https:\/\/innercircle.no\/index.php?rest_route=\/wp\/v2\/types\/page"}],"author":[{"embeddable":true,"href":"https:\/\/innercircle.no\/index.php?rest_route=\/wp\/v2\/users\/1"}],"replies":[{"embeddable":true,"href":"https:\/\/innercircle.no\/index.php?rest_route=%2Fwp%2Fv2%2Fcomments&post=846"}],"version-history":[{"count":14,"href":"https:\/\/innercircle.no\/index.php?rest_route=\/wp\/v2\/pages\/846\/revisions"}],"predecessor-version":[{"id":869,"href":"https:\/\/innercircle.no\/index.php?rest_route=\/wp\/v2\/pages\/846\/revisions\/869"}],"wp:attachment":[{"href":"https:\/\/innercircle.no\/index.php?rest_route=%2Fwp%2Fv2%2Fmedia&parent=846"}],"curies":[{"name":"wp","href":"https:\/\/api.w.org\/{rel}","templated":true}]}}