{"id":18,"date":"2018-09-07T12:42:02","date_gmt":"2018-09-07T12:42:02","guid":{"rendered":"http:\/\/innercircle.no\/?page_id=18"},"modified":"2026-01-06T07:03:56","modified_gmt":"2026-01-06T07:03:56","slug":"innercircle-nettverk-for-ledere","status":"publish","type":"page","link":"https:\/\/innercircle.no\/","title":{"rendered":"InnerCircle &#8211; Nettverk for ledere"},"content":{"rendered":"\t\t<div data-elementor-type=\"wp-page\" data-elementor-id=\"18\" class=\"elementor elementor-18\">\n\t\t\t\t\t\t<section class=\"elementor-section elementor-top-section elementor-element elementor-element-62186371 elementor-section-boxed elementor-section-height-default elementor-section-height-default\" data-id=\"62186371\" data-element_type=\"section\" data-e-type=\"section\">\n\t\t\t\t\t\t<div class=\"elementor-container elementor-column-gap-default\">\n\t\t\t\t\t<div class=\"elementor-column elementor-col-100 elementor-top-column elementor-element elementor-element-69833263\" data-id=\"69833263\" data-element_type=\"column\" data-e-type=\"column\">\n\t\t\t<div class=\"elementor-widget-wrap elementor-element-populated\">\n\t\t\t\t\t\t<div class=\"elementor-element elementor-element-1fa113fd elementor-widget elementor-widget-text-editor\" data-id=\"1fa113fd\" data-element_type=\"widget\" data-e-type=\"widget\" data-widget_type=\"text-editor.default\">\n\t\t\t\t<div class=\"elementor-widget-container\">\n\t\t\t\t\t\t\t\t\t<p>InnerCircle er et nettverk for ledere hvor hovedfokus er \u00e5 f\u00e5 tilgang til <br \/><span style=\"color: #9a3431;\">ERFARING &#8211; KUNNSKAP &#8211; ST\u00d8TTE &#8211; NYE KUNDER<\/span><\/p>\n<p><!-- \/wp:paragraph --><\/p>\n<p><!-- wp:paragraph --><\/p>\n<p><!-- \/wp:paragraph --><\/p>\n<p><!-- wp:paragraph --><\/p>\n<p><span style=\"color: #9a3431;\"><strong>Hva er IC?<\/strong><\/span> <br \/>En InnerCircle gruppe er en samling erfarne forretningsfolk som samles annenhver uke.\u00a0 Dette er en spennende arena for nye businessmuligheter, deling av erfaringer og ikke minst det \u00e5 kunne hjelpe hverandre i en hektisk og krevende hverdag ved behov.<\/p>\n<p><!-- \/wp:paragraph --><\/p>\n<p><!-- wp:paragraph --><\/p>\n<p><!-- \/wp:paragraph --><\/p>\n<p><!-- wp:paragraph --><\/p>\n<p><span style=\"color: #9a3431;\"><strong>Leder\/Eier<\/strong><\/span> <br \/>For \u00e5 v\u00e6re med i InnerCircle m\u00e5 du enten eie virksomheten du representere, eller v\u00e6re leder.\u00a0 Er det en st\u00f8rre virksomhet er det ikke avgj\u00f8rende at du er toppleder.<\/p>\n<p><!-- \/wp:paragraph --><\/p>\n<p><!-- wp:paragraph --><\/p>\n<p><!-- \/wp:paragraph --><\/p>\n<p><!-- wp:paragraph --><\/p>\n<p><span style=\"color: #9a3431;\"><strong>By invitation only<\/strong><\/span><br \/>Som utgangspunkt kommer det kun inn nye partnere i gruppen ved at en av de faste inviterer en av sine relasjoner.\u00a0 Alternativt er det \u00e5 ta kontakt med oss, og eventuelt gjennomf\u00f8re en prat\/m\u00f8te f\u00f8r du kan komme som gjest p\u00e5 en av v\u00e5re lunsjer.\u00a0 <a href=\"mailto:post@innercircle.no\">post@innercircle.no<\/a> for info\/sp\u00f8rsm\u00e5l.<\/p>\n<p><!-- \/wp:paragraph --><\/p>\n<p><!-- wp:paragraph --><\/p>\n<p><!-- \/wp:paragraph --><\/p>\n<p><!-- wp:paragraph --><\/p>\n<p><span style=\"color: #9a3431;\"><strong>Hvordan blir jeg fast deltaker?<\/strong><\/span> <br \/>N\u00e5r du har v\u00e6rt med p\u00e5 1-2 lunsjer kan du gi tilbakemelding om din interesse, alle faste partnere i gruppen f\u00e5r en uke p\u00e5 \u00e5 gi tilbakemelding om noen eventuelt har noen grunn til ikke \u00e5 akseptere deg inn.\u00a0 Det skal ikke v\u00e6re direkte konkurrerende virksomheter i gruppen, selv om det kan v\u00e6re flere innenfor samme kategori.<\/p>\n<p><!-- \/wp:paragraph --><\/p>\n<p><!-- wp:paragraph --><\/p>\n<p><!-- \/wp:paragraph --><\/p>\n<p><!-- wp:paragraph --><\/p>\n<p><span style=\"color: #9a3431;\"><strong>Hva koster det?<\/strong><\/span> <br \/>Det koster 19.900,- pr \u00e5r + mva for deltakelse i IC.\u00a0 Dette er ogs\u00e5 inkludert mat p\u00e5 m\u00f8tene.<\/p>\n<p><!-- \/wp:paragraph --><\/p>\n<p><!-- wp:paragraph --><\/p>\n<p><!-- \/wp:paragraph --><\/p>\n<p><!-- wp:paragraph --><\/p>\n<p><span style=\"color: #9a3431;\"><strong>Hvor er m\u00f8tene og hvor mye tid tar det?<\/strong><\/span> <br \/>For tiden bruker vi Delicatessen Aker Brygge &#8211; som m\u00f8tested i Oslo. Lunsjen starter 11:30 og varer til 13:00.<\/p>\n<p><!-- \/wp:paragraph --><\/p>\t\t\t\t\t\t\t\t<\/div>\n\t\t\t\t<\/div>\n\t\t\t\t<div class=\"elementor-element elementor-element-ad845dd elementor-widget elementor-widget-image\" data-id=\"ad845dd\" data-element_type=\"widget\" data-e-type=\"widget\" data-widget_type=\"image.default\">\n\t\t\t\t<div class=\"elementor-widget-container\">\n\t\t\t\t\t\t\t\t\t\t\t\t\t\t\t<img fetchpriority=\"high\" decoding=\"async\" width=\"300\" height=\"200\" src=\"https:\/\/innercircle.no\/wp-content\/uploads\/2022\/04\/Deli_Lokka_177-300x200.jpeg\" class=\"attachment-medium size-medium wp-image-60\" alt=\"\" srcset=\"https:\/\/innercircle.no\/wp-content\/uploads\/2022\/04\/Deli_Lokka_177-300x200.jpeg 300w, https:\/\/innercircle.no\/wp-content\/uploads\/2022\/04\/Deli_Lokka_177-1024x683.jpeg 1024w, https:\/\/innercircle.no\/wp-content\/uploads\/2022\/04\/Deli_Lokka_177-768x512.jpeg 768w, https:\/\/innercircle.no\/wp-content\/uploads\/2022\/04\/Deli_Lokka_177-1536x1024.jpeg 1536w, https:\/\/innercircle.no\/wp-content\/uploads\/2022\/04\/Deli_Lokka_177.jpeg 1920w\" sizes=\"(max-width: 300px) 100vw, 300px\" \/>\t\t\t\t\t\t\t\t\t\t\t\t\t\t\t<\/div>\n\t\t\t\t<\/div>\n\t\t\t\t<div class=\"elementor-element elementor-element-3828ebd elementor-widget elementor-widget-image\" data-id=\"3828ebd\" data-element_type=\"widget\" data-e-type=\"widget\" data-widget_type=\"image.default\">\n\t\t\t\t<div class=\"elementor-widget-container\">\n\t\t\t\t\t\t\t\t\t\t\t\t\t\t\t<img decoding=\"async\" width=\"300\" height=\"200\" src=\"https:\/\/innercircle.no\/wp-content\/uploads\/2022\/04\/Delicatessen-300x200.jpeg\" class=\"attachment-medium size-medium wp-image-61\" alt=\"\" srcset=\"https:\/\/innercircle.no\/wp-content\/uploads\/2022\/04\/Delicatessen-300x200.jpeg 300w, https:\/\/innercircle.no\/wp-content\/uploads\/2022\/04\/Delicatessen-1024x683.jpeg 1024w, https:\/\/innercircle.no\/wp-content\/uploads\/2022\/04\/Delicatessen-768x512.jpeg 768w, https:\/\/innercircle.no\/wp-content\/uploads\/2022\/04\/Delicatessen-1536x1024.jpeg 1536w, https:\/\/innercircle.no\/wp-content\/uploads\/2022\/04\/Delicatessen-2048x1365.jpeg 2048w\" sizes=\"(max-width: 300px) 100vw, 300px\" \/>\t\t\t\t\t\t\t\t\t\t\t\t\t\t\t<\/div>\n\t\t\t\t<\/div>\n\t\t\t\t\t<\/div>\n\t\t<\/div>\n\t\t\t\t\t<\/div>\n\t\t<\/section>\n\t\t\t\t<section class=\"elementor-section elementor-top-section elementor-element elementor-element-3955813 elementor-section-boxed elementor-section-height-default elementor-section-height-default\" data-id=\"3955813\" data-element_type=\"section\" data-e-type=\"section\">\n\t\t\t\t\t\t<div class=\"elementor-container elementor-column-gap-default\">\n\t\t\t\t\t<div class=\"elementor-column elementor-col-100 elementor-top-column elementor-element elementor-element-89b12db\" data-id=\"89b12db\" data-element_type=\"column\" data-e-type=\"column\">\n\t\t\t<div class=\"elementor-widget-wrap\">\n\t\t\t\t\t\t\t<\/div>\n\t\t<\/div>\n\t\t\t\t\t<\/div>\n\t\t<\/section>\n\t\t\t\t<section class=\"elementor-section elementor-top-section elementor-element elementor-element-331645c elementor-section-boxed elementor-section-height-default elementor-section-height-default\" data-id=\"331645c\" data-element_type=\"section\" data-e-type=\"section\">\n\t\t\t\t\t\t<div class=\"elementor-container elementor-column-gap-default\">\n\t\t\t\t\t<div class=\"elementor-column elementor-col-100 elementor-top-column elementor-element elementor-element-8791675\" data-id=\"8791675\" data-element_type=\"column\" data-e-type=\"column\">\n\t\t\t<div class=\"elementor-widget-wrap elementor-element-populated\">\n\t\t\t\t\t\t<div class=\"elementor-element elementor-element-0ea726d elementor-widget elementor-widget-google_maps\" data-id=\"0ea726d\" data-element_type=\"widget\" data-e-type=\"widget\" data-widget_type=\"google_maps.default\">\n\t\t\t\t<div class=\"elementor-widget-container\">\n\t\t\t\t\t\t\t<div class=\"elementor-custom-embed\">\n\t\t\t<iframe loading=\"lazy\"\n\t\t\t\t\tsrc=\"https:\/\/maps.google.com\/maps?q=Delicatessen%20aker%20brygge&#038;t=m&#038;z=13&#038;output=embed&#038;iwloc=near\"\n\t\t\t\t\ttitle=\"Delicatessen aker brygge\"\n\t\t\t\t\taria-label=\"Delicatessen aker brygge\"\n\t\t\t><\/iframe>\n\t\t<\/div>\n\t\t\t\t\t\t<\/div>\n\t\t\t\t<\/div>\n\t\t\t\t\t<\/div>\n\t\t<\/div>\n\t\t\t\t\t<\/div>\n\t\t<\/section>\n\t\t\t\t<section class=\"elementor-section elementor-top-section elementor-element elementor-element-41d95cc elementor-section-boxed elementor-section-height-default elementor-section-height-default\" data-id=\"41d95cc\" data-element_type=\"section\" data-e-type=\"section\">\n\t\t\t\t\t\t<div class=\"elementor-container elementor-column-gap-default\">\n\t\t\t\t\t<div class=\"elementor-column elementor-col-100 elementor-top-column elementor-element elementor-element-b33e4de\" data-id=\"b33e4de\" data-element_type=\"column\" data-e-type=\"column\">\n\t\t\t<div class=\"elementor-widget-wrap elementor-element-populated\">\n\t\t\t\t\t\t<div class=\"elementor-element elementor-element-866fa6a elementor-widget elementor-widget-spacer\" data-id=\"866fa6a\" data-element_type=\"widget\" data-e-type=\"widget\" data-widget_type=\"spacer.default\">\n\t\t\t\t<div class=\"elementor-widget-container\">\n\t\t\t\t\t\t\t<div class=\"elementor-spacer\">\n\t\t\t<div class=\"elementor-spacer-inner\"><\/div>\n\t\t<\/div>\n\t\t\t\t\t\t<\/div>\n\t\t\t\t<\/div>\n\t\t\t\t\t<\/div>\n\t\t<\/div>\n\t\t\t\t\t<\/div>\n\t\t<\/section>\n\t\t\t\t<section class=\"elementor-section elementor-top-section elementor-element elementor-element-a352edd elementor-section-boxed elementor-section-height-default elementor-section-height-default\" data-id=\"a352edd\" data-element_type=\"section\" data-e-type=\"section\">\n\t\t\t\t\t\t<div class=\"elementor-container elementor-column-gap-default\">\n\t\t\t\t\t<div class=\"elementor-column elementor-col-100 elementor-top-column elementor-element elementor-element-72d28b2\" data-id=\"72d28b2\" data-element_type=\"column\" data-e-type=\"column\">\n\t\t\t<div class=\"elementor-widget-wrap elementor-element-populated\">\n\t\t\t\t\t\t<div class=\"elementor-element elementor-element-efed9ae elementor-widget-divider--view-line elementor-widget elementor-widget-divider\" data-id=\"efed9ae\" data-element_type=\"widget\" data-e-type=\"widget\" data-widget_type=\"divider.default\">\n\t\t\t\t<div class=\"elementor-widget-container\">\n\t\t\t\t\t\t\t<div class=\"elementor-divider\">\n\t\t\t<span class=\"elementor-divider-separator\">\n\t\t\t\t\t\t<\/span>\n\t\t<\/div>\n\t\t\t\t\t\t<\/div>\n\t\t\t\t<\/div>\n\t\t\t\t<div class=\"elementor-element elementor-element-533839f elementor-widget elementor-widget-text-editor\" data-id=\"533839f\" data-element_type=\"widget\" data-e-type=\"widget\" data-widget_type=\"text-editor.default\">\n\t\t\t\t<div class=\"elementor-widget-container\">\n\t\t\t\t\t\t\t\t\t<p style=\"text-align: center;\"><strong>V\u00e5rt kontor<\/strong>\u00a0Vi har kontor p\u00e5 Ensj\u00f8 &#8211; \u00f8nsker du \u00e5 komme i kontakt med oss, send en epost til\u00a0<a href=\"mailto:post@innercircle.no\">post@innercircle.no<\/a><\/p>\t\t\t\t\t\t\t\t<\/div>\n\t\t\t\t<\/div>\n\t\t\t\t\t<\/div>\n\t\t<\/div>\n\t\t\t\t\t<\/div>\n\t\t<\/section>\n\t\t\t\t<section class=\"elementor-section elementor-top-section elementor-element elementor-element-a6c4d98 elementor-section-boxed elementor-section-height-default elementor-section-height-default\" data-id=\"a6c4d98\" data-element_type=\"section\" data-e-type=\"section\">\n\t\t\t\t\t\t<div class=\"elementor-container elementor-column-gap-default\">\n\t\t\t\t\t<div class=\"elementor-column elementor-col-100 elementor-top-column elementor-element elementor-element-eceb0af\" data-id=\"eceb0af\" data-element_type=\"column\" data-e-type=\"column\">\n\t\t\t<div class=\"elementor-widget-wrap elementor-element-populated\">\n\t\t\t\t\t\t<div class=\"elementor-element elementor-element-0b4b795 elementor-widget elementor-widget-google_maps\" data-id=\"0b4b795\" data-element_type=\"widget\" data-e-type=\"widget\" data-widget_type=\"google_maps.default\">\n\t\t\t\t<div class=\"elementor-widget-container\">\n\t\t\t\t\t\t\t<div class=\"elementor-custom-embed\">\n\t\t\t<iframe loading=\"lazy\"\n\t\t\t\t\tsrc=\"https:\/\/maps.google.com\/maps?q=Gladengveien%201&#038;t=m&#038;z=10&#038;output=embed&#038;iwloc=near\"\n\t\t\t\t\ttitle=\"Gladengveien 1\"\n\t\t\t\t\taria-label=\"Gladengveien 1\"\n\t\t\t><\/iframe>\n\t\t<\/div>\n\t\t\t\t\t\t<\/div>\n\t\t\t\t<\/div>\n\t\t\t\t\t<\/div>\n\t\t<\/div>\n\t\t\t\t\t<\/div>\n\t\t<\/section>\n\t\t\t\t<\/div>\n\t\t","protected":false},"excerpt":{"rendered":"<p>InnerCircle er et nettverk for ledere hvor hovedfokus er \u00e5 f\u00e5 tilgang til ERFARING &#8211; KUNNSKAP &#8211; ST\u00d8TTE &#8211; NYE KUNDER Hva er IC? En InnerCircle gruppe er en samling erfarne forretningsfolk som samles annenhver uke.\u00a0 Dette er en spennende arena for nye businessmuligheter, deling av erfaringer og ikke minst det \u00e5 kunne hjelpe hverandre [&hellip;]<\/p>\n","protected":false},"author":1,"featured_media":0,"parent":0,"menu_order":0,"comment_status":"closed","ping_status":"closed","template":"","meta":{"footnotes":""},"class_list":["post-18","page","type-page","status-publish","hentry"],"_links":{"self":[{"href":"https:\/\/innercircle.no\/index.php?rest_route=\/wp\/v2\/pages\/18","targetHints":{"allow":["GET"]}}],"collection":[{"href":"https:\/\/innercircle.no\/index.php?rest_route=\/wp\/v2\/pages"}],"about":[{"href":"https:\/\/innercircle.no\/index.php?rest_route=\/wp\/v2\/types\/page"}],"author":[{"embeddable":true,"href":"https:\/\/innercircle.no\/index.php?rest_route=\/wp\/v2\/users\/1"}],"replies":[{"embeddable":true,"href":"https:\/\/innercircle.no\/index.php?rest_route=%2Fwp%2Fv2%2Fcomments&post=18"}],"version-history":[{"count":69,"href":"https:\/\/innercircle.no\/index.php?rest_route=\/wp\/v2\/pages\/18\/revisions"}],"predecessor-version":[{"id":946,"href":"https:\/\/innercircle.no\/index.php?rest_route=\/wp\/v2\/pages\/18\/revisions\/946"}],"wp:attachment":[{"href":"https:\/\/innercircle.no\/index.php?rest_route=%2Fwp%2Fv2%2Fmedia&parent=18"}],"curies":[{"name":"wp","href":"https:\/\/api.w.org\/{rel}","templated":true}]}}